7).
-141
Calculate (-30 - -51) + -4 + (8 - (4 + -3)).
24
Evaluate (-26 - (-76 + (-15 - -31))) + 36.
70
Evaluate 46 - ((54 - 13) + 23).
-18
What is -36 - (12 - 48) - 33?
-33
Calculate (23 + -31 - 8) + -57 + 22.
-51
(0 - -40) + -4 + 3 + 13 + (1 - 6)
47
Evaluate 34 - 20 - (-1 + 5 - (47 - 30)).
27
10 + (-18 - 1 - (-327 - -378)) + 1
-59
What is 58 - (-8 - (43 - (17 - -3)))?
89
(133 - 137) + 20 + 24
40
What is the value of 3 + -55 + 4 - -5 - (102 + -109)?
-36
14 + -27 + 29 - (49 + -1) - (1 + 3)
-36
6 + (-41 + 137 - 21) + (3 + -2 - 0)
82
What is the value of (109 - 33 - 67 - (-8 + 1)) + 0 + 2?
18
-4 - 14 - -26 - 8
0
Evaluate -2 - (30 + (-18 - 0) - 47) - (2 + 0).
31
Evaluate -10 - ((-12 - -13) + -24 + 5).
8
Calculate (-11848 - -11847) + (-1 - -1 - -10).
9
Calculate -36 + (20 - 35) + 39.
-12
32 + -14 + (-111 - (4 - 27))
-70
What is the value of -2 - (291 + -220 - (-2 + -3 + -3))?
-81
What is the value of -138 - (-26 + -66 + 9)?
-55
What is the value of -27 + 1 + 1 + 6 + 17 - (8 + -2)?
-8
Calculate -4 - ((7 - 5) + (21 - (-8 - (-4 - -4)))).
-35
What is the value of 1278 - 1204 - (-6 - -14)?
66
What is the value of -9 + (-11 - -16) + (38 - 71) - (-5 - -1)?
-33
Evaluate 1 - (7 + (-57 - -70)).
-19
Evaluate 34 - (25 - (-20 + 6)).
-5
Evaluate -11 + -14 + 75 + -12.
38
What is the value of 10 + (13 + (-18 - 5) - 2)?
-2
(10 - 9 - 3 - -11 - 7) + -1 - -8
9
What is the value of -12 + (-20 - -1 - (-13 + 87))?
-105
What is 2 + 58 + 22 + -1 + -14?
67
(42 - (84 + -60)) + 74
92
38 + 2 - (9 + -1 - (-934 + 943))
41
(23 - (4 + 15)) + -45
-41
Evaluate -39 - ((3 - 3 - 3) + (428 - 427)).
-37
What is the value of 4 + 14 - (10 - -31 - 31) - -76?
84
Calculate (9 - (2 + -16 - 18)) + -7.
34
(3 - (-24 + 15)) + -24 + 19 + 1
8
What is (-12 - (1 - (4 + 0))) + 385 + -454?
-78
66 - (-14 + 32 + 4 + -8 + -7)
59
What is the value of 34 + (27 + -31 - (2 - (-8 + 28)))?
48
What is -9 + -1 + 2 + (-168 - 161) + 327?
-10
Calculate -15 - (-29 + (59 - 34)).
-11
What is -13 + (-5 - (-2 + -1 + 37 + -39))?
-13
Calculate 8 + 2 + -2 - (-108 + 58 + -3 - -87).
-26
Calculate -3 + (2 - (3 + -7)) - (7493 - 7521).
31
What is 40 + -10 + -17 - (-67 + 30)?
50
What is 75 + -1 + 176 + -30 + -143?
77
What is 32 + -8 - (20 - (33 - 17) - 8)?
28
What is -33 - ((-16 - -23) + 1 - -2)?
-43
Calculate -16 + -75 - (-235 + 237).
-93
Evaluate 8 - ((-25 - -29) + 9 - (12 - -1)).
8
What is -15 + 1 + -1 + (0 - -3) - (-49 - -48)?
-11
Calculate 10 + (-45 + -10 + 8 - -8).
-29
Evaluate -42 + 94 + 8 + -32.
28
What is 110 - ((-48 - -31) + 66)?
61
(106 - 107) + -19 + 17 + 2
-1
What is (-11 - -14) + 8 + -4 + 10 + 37?
54
What is -139 - (-137 - (67 - 140))?
-75
-41 + (11 - -31) - -41
42
(4 - ((-16 - -3 - 3) + 14 - 7)) + -26
-13
Evaluate (-18 - (-16 + 28 - (2 - 1))) + 0.
-29
What is the value of (-19 - -3) + -39 + 22 + -13 + 15?
-31
What is (1 - 21) + -167 + 150 + -1 + 5?
-33
-2 + -7 + -16 + 59 - (-1 + 16)
19
Calculate 1 - -76 - (274 - (94 - -188)).
85
Calculate -127 + 68 + (-52 - -4) + 1 + -7.
-113
(18 - 6) + -209 + 233
36
Calculate -4 + 0 + 4 - 57 - (-1026 + 1018).
-49
What is the value of -1 + 35 + (-785 - -745)?
-6
Evaluate 45 + 13 + -42 + -42.
-26
Evaluate -5 + 32 + -22 + -53 + 96.
48
Evaluate -14 + (-15 - (-12 - 5)).
-12
What is -9 + 4 + (-9 + -15 + 16 - (3 + -14))?
-2
-31 + -5 + (-1 - -68)
31
Evaluate 81 + (-46 + 2 - 1).
36
Calculate 10353 - 10449 - (-46 - 0).
-50
(-13 - (6 - 16)) + 17 + -7
7
What is (-5 - -15 - 23) + 72 + -10?
49
-44 + 1 + (-13 + 8 - -5)
-43
Calculate 6 - (13 + -1) - -10 - 13 - (0 - -37).
-46
What is 127 - (-18 + (13 - -7 - 25) + 29)?
121
What is 1 + 18 - (-134 + 35 + 191)?
-73
What is the value of 1 - (-24 - 1) - (-109 + 21 - -88)?
26
What is the value of -93 + (9 + (-23 - -21) - -2 - (3 + 3))?
-90
Evaluate -74 + 1 + (-8507 - -8455).
-125
1 + -2 - (-4 + 21 + -23 - -14) - 54
-63
What is (53 - (-52 + 94)) + -11 + -1 + 1 + -27?
-27
Evaluate (0 - (-14 + 15 + -2) - -6) + 38.
45
Calculate 22 - ((5 - -6) + -4 + 6 - 5).
14
What is 21 + -5 + -23 + (14 - 7 - 17)?
-17
What is the value of 11 - (-11 + -6 + -2 + 134 + 0)?
-104
What is 0 + 0 - -21 - (-916 + 899)?
38
What is the value of 14 - ((5 - (5 - -3)) + (41 - -1) + -33)?
8
(60 - 53) + 38 + -21
24
What is -46 - (-13 - -37 - 52 - -2)?
-20
-10 + -1 - (3 - (24 + -5))
5
Evaluate 39 + (53 - 36) + -56.
0
What is 48 + (30 - 1 - (248 + -227))?
56
(-19 - (-49 + 67) - -27) + -101
-111
Evaluate 31 - (-37 + 8 + (16 - 70)).
114
What is the value of -33 + (45 - (134 + -60))?
-62
What is (-320 - -344) + -4 + 3 + -26?
-3
What is the value of -124 + (53 - -22) + -10 + 193?
134
What is the value of -13 - (5 - (42 + -53))?
-29
(-8 + 0 - (232 + -253) - (3 - 5)) + 4
19
Calculate 81 - (-5 + -4 + 25 - (9 + -16 + 21)).
79
27 + 42 + (-9 - 77)
-17
51 + 1 - (23 + -11 + -45 - (2 + -24))
63
What is the value of (-32 - -10) + 5 - (-10 + (0 - -5))?
-12
(-62 - -268) + -52 - 67
87
What is the value of -3 - (-84 - -42) - 20?
19
What is -91 + (8 - (-10 - -23)) + -10 + 16 + -13?
-103
Evaluate 31 - (77 + 2) - -34.
-14
Calculate 35 - (21 + -43 + 11 + 11 + -2 + 1).
36
Calculate (14 - 23) + (5 - (-58 + 2 + 1) - -5).
56
Evaluate 79 + (-55 - (-99 - -60) - (1 + -36)).
98
Calculate (-22 - 15) + 32 + 6 + -19 + -25.
-43
Calculate -25 - (30 - 7 - (-2 - -7)).
-43
What is the value of -5 + -1 + -3 + (-1 - -8) - (-48 + 14)?
32
Evaluate -43 + 46 - (-12 + -47 - 12).
74
What is the value of (-37 - (32 + -71)) + 5?
7
Evaluate 30 + (44 - (-22 + 128 - 33)).
1
Evaluate 0 + (276 + -292 - (-76 - 1 - (0 + -1))).
60
Evaluate -110 - (231 + -352) - (-69 + 0 + (-1 - -2)).
79
39 - (26 + 8) - 3
2
What is -1063 + 1068 - (2 - 0)?
3
(-24 + 0 - (3 - 3)) + -137 + 145
-16
Evaluate -5 + (-135 - -208) + (-1 - -1) + -10.
58
Calculate -94 + 114 + 19 - 112.
-73
415 + -239 - (69 + 42)
65
Calculate -56 - (-61 + -45 + 87).
-37
Calculate 32 + (-17 + 8 + 4 + 8 - 3).
32
Calculate (215 - 266) + 0 + 6.
-45
Calculate 19 - (-7 - (-12 + -52)).
-38
What is 9 - (-77 - (-56 + -12) - (-15 + 1))?
4
21 - (18 + -28 + 105 + 8)
-82
What is (1 - -69) + (-1538 - -1545)?
77
Evaluate (-714 - -595) + (2 - 12) - -23.
-106
What is 0 + (6 - (-6 - -4)) - (28 + -78 + -6)?
64
What is the value of -452 + 556 + -80 + 13?
37
What is the value of -10 + -3 + 7 + -5 + 8?
-3
What is -45 + -65 - -1 - 13?
-122
Evaluate -3 + -2 + 8 - ((4 - (5 + -5)) + 28).
-29
Evaluate -12 - ((-66 - -29) + (0 + 5 - -1)).
19
-9 + (-48 - (28 + (-22 - -2)))
-65
Calculate (-11 - (-3 - (0 + 5))) + (0 - 48).
-51
8 + -118 + (-4 - (-40 + -2))
-72
(-8 - (7 - -1 - (230 - 177))) + -8
29
0 + -5 + -12 + -64
-81
Calculate 0 - 0 - ((-4 - (3 + 0)) + (16 - 63)).
54
Calculate 25 + -2 + (1500 - 1564) - 71.
-112
27 + (-26 - (-28 - -51))
-22
Calculate 43 + (-1 - -4) - (30 - (29 - 17)).
28
-30 - (0 + (-11 - 11 - -7))
-15
What is -63 - ((39 - -35) + -38) - 15?
-114
What is the value of (15198 - 15188) + (0 - -1 - 2 - 0)?
9
What is the value of 4 + (-5 - -11 - 2) - (-153 + 100)?
61
-33 + 25 + -17 + -3 - 26
-54
What is -5 - (47 + -30 - 4)?
-18
What is (-26 - -32 - 19) + 18 + (57 - -3)?
65
Calculate 0 + (-18 + 31 + (0 - 13) - (0 - 8)).
8
What is the value of (56 + -25 - -9) + (-1 - 10)?
29
What is -21 - (-14 - -15) - -24 - -7?
9
Evaluate 17 + -58 + 92 + (1 - -7) + (1 - -1).
61
-7 + (9 - -1 - (32 - 1)) + -9 + 8
-29
12 - (11 + 11) - ((-58 - (-1 + 0)) + -3)
50
Evaluate -8 + (38 - 65) - -120 - -50.
135
What is the value of -74 - (6 + 0 - -3) - (-90 + 75)?
-68
What is the value of 1 + -3 + 5 - (8 + (-19 - -23 - 19))?
10
Calculate 0 + (10 + -5 - (0 - -5)) - (-4 - 1).
5
What is -4150 + 4062 + -1 + -18?
-107
What is the value of 129 - (46 + -24 - (13 - 28 - -34))?
126
(243 - 206) + -35 + -10
-8
-4 - 11 - (92 + -60)
-47
Calculate (-2 + 9 - -1) + (-14 - ((-11 - -8) + -3)).
0
Calculate -42 - (-5 - -11) - ((-5 - (1 + -1)) + 5).
-48
Calculate (30 - -6) + 2 - (-10 + -18 - -39).
27
What is the value of (-60 - -76) + -26 - 7?
-17
Evaluate 1 - -44 - (-10 - (-50 - -40 - -15)).
60
What is the value of -77 + (3 - (-36 - 20))?
-18
What is the value of 0 - -68 - (610 + -590)?
48
What is -28 - (5 - 100 - (49 - 43))?
73
What is (-97 - -43) + 37 + 44?
27
What is (-2 - -77 - 0) + (-33 - -13 - -36)?
91
What is 69 - (-18 - 76 - -104)?
59
87 + -208 + 61 + (-1 - 15)
-76
What is 12 + 5 + -2 + 0 + -12 + 0 + 14?
17
What is (-66 + 21 - 5) + 68?
18
Calculate -